g - 11*g. What are the prime factors of g?
2, 3
List the prime factors of ((-47)/2)/(-1)*2.
47
Let n be (-394)/(-8) + (-15)/(-20). Suppose 2*r = n - 4. List the prime factors of r.
23
Let d(j) = -5*j**3 + 2*j**2 - 2. What are the prime factors of d(-2)?
2, 23
What are the prime factors of (-2)/(-4) + (-95)/(-2)?
2, 3
Suppose -d - d - 2*s = -176, -3*d + 285 = -4*s. What are the prime factors of d?
7, 13
Suppose -3*q - 5*r = -29, -3*q + 1 = -0*q - 2*r. What are the prime factors of (-83)/(-3) + 1/q?
2, 7
Let a be (2/3)/(6/(-9)). Let q be -6 - -5 - (6 + a). What are the prime factors of q/4*60/(-9)?
2, 5
Suppose 0 = -4*s + 389 + 51. What are the prime factors of s?
2, 5, 11
List the prime factors of 45 + (-8)/(-12)*-3.
43
Suppose 0 = 5*x + 4*g - 31, 0*g - 12 = -3*g. Suppose -k - 108 = -5*k - 2*i, x*k - 82 = -i. List the prime factors of k.
2, 7
Suppose 4*a + 16 = 5*a. List the prime factors of a.
2
Let a(m) = -m**2 - m + 10. Let o(p) = -p**2 - p + 9. Let j(k) = 6*a(k) - 7*o(k). Let b = 8 + -11. List the prime factors of j(b).
3
Suppose 0*b - 5*b = 40. Let q = 24 + -22. Let h = q - b. List the prime factors of h.
2, 5
Suppose 0*s = -s + 1. What are the prime factors of (-36)/24*(-18)/s?
3
Let v be (4/(-2) - -5) + 0. Let h be (-1)/(2/(-6)) + 2. Suppose -v*d + h*b = -24, 4*d = 3*d - b. List the prime factors of d.
3
Suppose 0 = 2*d + 5*p - 32, 2 = -4*d + 4*p + 38. Let r = d + 4. List the prime factors of r.
3, 5
Let f = 87 - 46. What are the prime factors of f?
41
Suppose -10 = 2*a, 0*b + 4*b - 3*a = 51. List the prime factors of b.
3
Suppose 4*w = -w + 930. List the prime factors of w.
2, 3, 31
Let j = 11 + -7. Let g = j - -3. List the prime factors of g.
7
Let u(a) = a**3 + 7*a**2 + 11*a + 5. List the prime factors of u(-4).
3
Let d(n) = n**3 - n**2 - 2*n + 4. Let w be d(3). Suppose -2*t = -3*c - w, -8 = -3*c + 5*c. Suppose 0*i = -t*i + 22. List the prime factors of i.
11
Suppose 0*h - 3 = h. What are the prime factors of -1 - h/((-6)/(-20))?
3
Let g = 24 - 48. Let o be 6/g + 313/4. Suppose 5*d + 8 = 2*i + o, 14 = d - 2*i. List the prime factors of d.
2, 7
Suppose -2*h + k - 2*k + 219 = 0, -3*h + 361 = -5*k. List the prime factors of h.
2, 7
What are the prime factors of (1 - 0/(-1))/(3/414)?
2, 3, 23
Let x(u) = 2*u**2 - u - 1. Let a(v) = v**2 - v - 2. Let z(c) = -3*a(c) + 2*x(c). Let o be (-4 + 1)*(-2)/(-2). What are the prime factors of z(o)?
2, 5
Suppose -4*w + 91 + 201 = 0. List the prime factors of w.
73
Let k(b) = b**2 - 12*b + 14. Let l be k(11). Let i be l - (3 + -4 + 2). Suppose 2*y = 5*d - 50, 27 = 6*d - i*d + y. What are the prime factors of d?
2
What are the prime factors of (-7 - 12/(-4))*-2?
2
Suppose n = -2*n - 42. Let r be 4/n + (-121)/(-7). Let p = r + -10. What are the prime factors of p?
7
Suppose 3*y + 5*a - 41 = 0, y + 0*y = -4*a + 16. List the prime factors of 57/y - (-2)/8.
5
Let c(w) = w**3 - 5*w**2 - 2*w + 1. Let m be c(7). Suppose -4*l - 5 = -m. What are the prime factors of l?
2, 5
Suppose 0*k - 5 = 5*k. List the prime factors of ((-1)/k)/(7/259).
37
Let m(s) = 2*s**2 - 9*s + 13. List the prime factors of m(4).
3
Let y(o) = o**3 + 7*o**2 - 2*o - 3. Let l(f) = -7 - f**2 + 6*f + 3*f**2 - f**2. Let h be l(-6). What are the prime factors of y(h)?
11
Suppose 219 = -3*h + 3*a, 4*a - 364 = 3*h + 2*h. Let i = -47 - h. What are the prime factors of i?
5
Suppose -6 = -3*o - 4*a, 0*o + 5*a = 5*o - 10. Suppose -4*i - 4*f = -28, -3*i - 6 = -4*i - o*f. Suppose 0 = -4*z + i*z - 76. What are the prime factors of z?
19
List the prime factors of (4 - 18/5)*20.
2
Let p(z) = z**3 - 4*z**2 + 3*z + 2. Let y be ((-4)/(-8))/(2/8). Let k be ((-3)/3)/(y/(-6)). What are the prime factors of p(k)?
2
Suppose -10*b = -6*b - 192. Suppose -3*w + 12 = w. Suppose x = -w*x + b. List the prime factors of x.
2, 3
Let g = 6 - -48. What are the prime factors of g?
2, 3
Suppose 4*x + 5*r = 0, 0*x + 4*r + 36 = 4*x. Suppose 3*a = -2*f + 4*f - 10, -26 = -2*f - x*a. What are the prime factors of f?
2
Let g(u) be the second derivative of u**3/6 - 3*u**2/2 + u. Suppose -2*a + 15 = -5*a, -2*z - 2*a = 0. What are the prime factors of g(z)?
2
Suppose 3*i + 4*l + 25 = 0, -i + 4*l + 19 = -2*i. List the prime factors of (-1 + (-14)/i)*9.
3, 11
Let q(a) = 4*a**2 + 3*a + 5. List the prime factors of q(-3).
2
What are the prime factors of (-21)/(-2*(-1 + (-36)/(-32)))?
2, 3, 7
Suppose -1496 = -10*j - 206. What are the prime factors of j?
3, 43
Suppose 227*u = 231*u - 1304. List the prime factors of u.
2, 163
Suppose 5*q = -5*r + 40, q = -4*r - 2*q + 34. Let y = -3 + r. What are the prime factors of y?
7
Let u(n) = -n**3 - 4*n**2 - 3. Let o be u(-4). List the prime factors of o/((-6)/(-4)) + 26.
2, 3
Let i = 0 - -4. Suppose 3*l - 11 = -3*q + 1, -q + i*l = -14. Suppose f - 2*z = q*f - 54, -5*f + 5*z + 40 = 0. List the prime factors of f.
2, 5
Let w(b) = -b**3 - 5*b**2 - 2*b - 5. Let r(h) = h**2 + 11*h + 5. Let f be r(-10). List the prime factors of w(f).
5
Let o = 406 + -221. List the prime factors of o.
5, 37
Let n(m) = 2*m - 11. Suppose 2*q - 13 - 2 = -5*d, 3*q + 4*d = 26. List the prime factors of n(q).
3
Suppose -79 = -t - 3*d - 11, 4*t - 197 = 3*d. What are the prime factors of t?
53
List the prime factors of 159 + 10 + (-12)/(-9)*3.
173
Let u = -19 - -32. Suppose 0 = -5*s - t + 15, -3*s = -4*t + u + 1. Suppose 48 = -s*z + 5*z. List the prime factors of z.
2
What are the prime factors of ((-204)/(-8))/(6/8)?
2, 17
Let j(w) = w**3 + 12*w**2 - 27*w + 1. What are the prime factors of j(-12)?
5, 13
Suppose -2238 + 382 = -16*l. List the prime factors of l.
2, 29
Let z = -217 + 309. What are the prime factors of z?
2, 23
Let s(m) = -m**3 - 5*m**2 - 6*m - 3. Suppose 0 = 2*n - 3*n + 15. Suppose 4*h + n + 1 = 0. What are the prime factors of s(h)?
5
Suppose p = 2, 4*p = -2*o + 18 - 6. List the prime factors of (4/12)/(o/90).
3, 5
Let l(y) = -13*y + 5. What are the prime factors of l(-5)?
2, 5, 7
Let g(r) = -r**2 + 4. Let d = 8 - 3. Let v be g(d). What are the prime factors of (v/(-12))/1*12?
3, 7
Suppose 2 = 5*d - 13. Let s(l) = -l**2 - 13*l + 5. Let p be s(-11). Suppose 2*v = 10, -2*b - d*v + p = -0*b. List the prime factors of b.
2, 3
Suppose 36*k - 34*k = 136. What are the prime factors of k?
2, 17
Let s(t) = 2*t + 12. Let b be s(-8). Let a = -2 - b. Suppose 0*c + a*c = 12. List the prime factors of c.
2, 3
Suppose x = -4*r + 149, 0 = -4*x - 3*r + 252 + 279. What are the prime factors of x?
3, 43
List the prime factors of (-2)/(2 + (-168)/82).
41
Let d(i) = 2*i + 2. Let h be d(2). Suppose -t + 2*t = h. What are the prime factors of t?
2, 3
Let n(q) = q**2 + 2*q - 3. Let d be 170/(-45) + (-4)/18. Let l be n(d). Suppose 0 = 2*k + 5*y - 42, 2*y - 3*y = l*k - 59. What are the prime factors of k?
11
Let k(f) = f + 3. Let a be k(-3). Suppose -z + 2*b - 4 = -b, 3*b - 12 = a. Suppose 0 = 3*h - 2*h - z. What are the prime factors of h?
2
Let k be (132/(-10))/((-21)/70). Suppose -k = -0*q - 2*q. What are the prime factors of q?
2, 11
Let b(c) = -c**3 - c - 3. Let d be b(0). Let i(r) be the second derivative of -r**4/12 - 5*r**3/6 - r**2 + 2*r. What are the prime factors of i(d)?
2
Let b be (-3)/(-2)*(-10 + -4). Let o = b + 35. What are the prime factors of o?
2, 7
Let m be (0 + 10/(-2))*1. Let u(f) = 9 + 3*f + f**2 - 5*f**2 + 14 - f**3 - 16. What are the prime factors of u(m)?
17
Let n(z) = -z**2 + 5*z - 1. Let p be n(3). Suppose p*h - g = 55, 0 = -h - 0*h - 3*g + 27. Suppose -y = -k + 5 - 14, -4*k = -y + h. List the prime factors of y.
2
Suppose 4*t + 60 = q, 2*t = 3*q + t - 180. List the prime factors of q.
2, 3, 5
Let k = 43 + 192. List the prime factors of k.
5, 47
Let m(y) = y - 1. Let j(d) = 29*d + 4. Let b(k) = j(k) + 3*m(k). List the prime factors of b(1).
3, 11
Suppose 3*d - 2*a - 60 = 0, 4*d + 2*a - 48 = d. What are the prime factors of d?
2, 3
Let w(i) = 9*i**2 + i. List the prime factors of w(-3).
2, 3, 13
Let b = -11 + 8. Let s be 2/(-4)*14*b. Let l = s + -9. List the prime factors of l.
2, 3
Suppose -5*b + 4*p + 519 = 0, p = -2*b + 4*p + 209. List the prime factors of b.
103
What are the prime factors of (-2)/10 - (-378)/15?
5
Let j = -60 + 69. What are the prime factors of j?
3
Let d = -13 + 81. What are the prime factors of d?
2, 17
Let m(h) = h**2 + h - 1. Let a be 